{"id":1291,"date":"2024-01-06T18:19:04","date_gmt":"2024-01-06T18:19:04","guid":{"rendered":"https:\/\/matsci.us.edu.pl\/?page_id=1291"},"modified":"2024-01-10T18:17:46","modified_gmt":"2024-01-10T18:17:46","slug":"organizing-committee","status":"publish","type":"page","link":"https:\/\/matsci.us.edu.pl\/?page_id=1291","title":{"rendered":"Good Practices in Materials Engineering Didactics <br> 19-20 February 2024 <br> University of Silesia in Katowice, Poland"},"content":{"rendered":"\n<div id=\"wp-block-themeisle-blocks-button-group-c4734461\" class=\"wp-block-themeisle-blocks-button-group wp-block-buttons\">\n<div id=\"wp-block-themeisle-blocks-button-dd172d3a\" class=\"wp-block-themeisle-blocks-button wp-block-button\"><a href=\"https:\/\/matsci.us.edu.pl\/?page_id=1227\" target=\"_self\" rel=\"noopener noreferrer\" class=\"wp-block-button__link\"><span>About the conference<\/span><\/a><\/div>\n\n\n\n<div id=\"wp-block-themeisle-blocks-button-b0c9613d\" class=\"wp-block-themeisle-blocks-button wp-block-button\"><a href=\"https:\/\/matsci.us.edu.pl\/?page_id=1291\" target=\"_self\" rel=\"noopener noreferrer\" class=\"wp-block-button__link\"><span>Organizing Committee<\/span><\/a><\/div>\n\n\n\n<div id=\"wp-block-themeisle-blocks-button-301c5622\" class=\"wp-block-themeisle-blocks-button wp-block-button\"><a href=\"https:\/\/matsci.us.edu.pl\/?page_id=1401\" target=\"_self\" rel=\"noopener noreferrer\" class=\"wp-block-button__link\"><span>Program and Abstracts<\/span><\/a><\/div>\n\n\n\n<div id=\"wp-block-themeisle-blocks-button-20e2ceb9\" class=\"wp-block-themeisle-blocks-button wp-block-button\"><a href=\"https:\/\/matsci.us.edu.pl\/?page_id=1500\" target=\"_self\" rel=\"noopener noreferrer\" class=\"wp-block-button__link\"><span>Registration<\/span><\/a><\/div>\n\n\n\n<div id=\"wp-block-themeisle-blocks-button-a5af6f03\" class=\"wp-block-themeisle-blocks-button wp-block-button\"><a href=\"https:\/\/matsci.us.edu.pl\/?page_id=1441\" target=\"_self\" rel=\"noopener noreferrer\" class=\"wp-block-button__link\"><span>Location and Travel<\/span><\/a><\/div>\n<\/div>\n\n\n\n<h4 class=\"wp-block-heading ticss-dd87080a\">Organizing Committee<\/h4>\n\n\n\n<div id=\"wp-block-themeisle-blocks-advanced-columns-4da1346c\" class=\"wp-block-themeisle-blocks-advanced-columns has-2-columns has-desktop-equal-layout has-tablet-equal-layout has-mobile-equal-layout has-vertical-unset\"><div class=\"wp-block-themeisle-blocks-advanced-columns-overlay\"><\/div><div class=\"innerblocks-wrap\">\n<div id=\"wp-block-themeisle-blocks-advanced-column-fd1edbfd\" class=\"wp-block-themeisle-blocks-advanced-column\">\n<p class=\"has-text-align-left ticss-0c64ad40\"><strong>Joanna Maszybrocka <\/strong><br><em>University of Silesia in Katowice, Poland<\/em><\/p>\n\n\n\n<p class=\"has-text-align-left\"><strong>Ma\u0142gorzata Karolus<\/strong><br><em>University of Silesia <em>in Katowice<\/em>, Poland<\/em><\/p>\n\n\n\n<p><strong>Tomasz Goryczka<\/strong><br><em>University of Silesia <em>in Katowice<\/em>, Poland<\/em><\/p>\n\n\n\n<p class=\"has-text-align-left\"><strong>Magdalena Szklarska<\/strong><br><em>University of Silesia <em>in Katowice<\/em>, Poland<\/em><\/p>\n\n\n\n<p><strong>Izabela Matu\u0142a<\/strong><br><em>University of Silesia <em>in Katowice<\/em>, Poland<\/em><\/p>\n\n\n\n<p class=\"has-text-align-left\"><strong>Patrycja Wajda &#8211; Mierzwa<\/strong><br><em>University of Silesia <em>in Katowice<\/em>, Poland<\/em><\/p>\n\n\n\n<p><\/p>\n<\/div>\n\n\n\n<div id=\"wp-block-themeisle-blocks-advanced-column-7ee448f2\" class=\"wp-block-themeisle-blocks-advanced-column\">\n<p><em><strong>\u015e\u00fckr\u00fc Tala\u015f<\/strong><br>Afyon Kocatepe University, Turkey<\/em><\/p>\n\n\n\n<p><strong>Lidiya Boichyshyn<\/strong><em><br>Ivan Franko National University of Lviv<\/em>, <em>Ukraine<\/em><\/p>\n\n\n\n<p><strong>Juraj Belan<\/strong><br><em>University&nbsp;of&nbsp;\u017dilina, Slovakia<\/em><\/p>\n<\/div>\n<\/div><\/div>\n","protected":false},"excerpt":{"rendered":"<p>Organizing Committee<\/p>\n","protected":false},"author":1,"featured_media":202,"parent":0,"menu_order":0,"comment_status":"closed","ping_status":"closed","template":"page-templates\/template-fullwidth.php","meta":{"_themeisle_gutenberg_block_has_review":false,"footnotes":""},"class_list":["post-1291","page","type-page","status-publish","has-post-thumbnail","hentry"],"_links":{"self":[{"href":"https:\/\/matsci.us.edu.pl\/index.php?rest_route=\/wp\/v2\/pages\/1291","targetHints":{"allow":["GET"]}}],"collection":[{"href":"https:\/\/matsci.us.edu.pl\/index.php?rest_route=\/wp\/v2\/pages"}],"about":[{"href":"https:\/\/matsci.us.edu.pl\/index.php?rest_route=\/wp\/v2\/types\/page"}],"author":[{"embeddable":true,"href":"https:\/\/matsci.us.edu.pl\/index.php?rest_route=\/wp\/v2\/users\/1"}],"replies":[{"embeddable":true,"href":"https:\/\/matsci.us.edu.pl\/index.php?rest_route=%2Fwp%2Fv2%2Fcomments&post=1291"}],"version-history":[{"count":26,"href":"https:\/\/matsci.us.edu.pl\/index.php?rest_route=\/wp\/v2\/pages\/1291\/revisions"}],"predecessor-version":[{"id":1690,"href":"https:\/\/matsci.us.edu.pl\/index.php?rest_route=\/wp\/v2\/pages\/1291\/revisions\/1690"}],"wp:featuredmedia":[{"embeddable":true,"href":"https:\/\/matsci.us.edu.pl\/index.php?rest_route=\/wp\/v2\/media\/202"}],"wp:attachment":[{"href":"https:\/\/matsci.us.edu.pl\/index.php?rest_route=%2Fwp%2Fv2%2Fmedia&parent=1291"}],"curies":[{"name":"wp","href":"https:\/\/api.w.org\/{rel}","templated":true}]}}