{"id":1401,"date":"2024-01-06T20:29:23","date_gmt":"2024-01-06T20:29:23","guid":{"rendered":"https:\/\/matsci.us.edu.pl\/?page_id=1401"},"modified":"2024-02-15T19:42:28","modified_gmt":"2024-02-15T19:42:28","slug":"conference-2","status":"publish","type":"page","link":"https:\/\/matsci.us.edu.pl\/?page_id=1401","title":{"rendered":"Good Practices in Materials Engineering Didactics <br> 19-20 February 2024 <br> University of Silesia in Katowice, Poland"},"content":{"rendered":"\n<div id=\"wp-block-themeisle-blocks-button-group-c4734461\" class=\"wp-block-themeisle-blocks-button-group wp-block-buttons\">\n<div id=\"wp-block-themeisle-blocks-button-dd172d3a\" class=\"wp-block-themeisle-blocks-button wp-block-button\"><a href=\"https:\/\/matsci.us.edu.pl\/?page_id=1227\" target=\"_self\" rel=\"noopener noreferrer\" class=\"wp-block-button__link\"><span>About the conference<\/span><\/a><\/div>\n\n\n\n<div id=\"wp-block-themeisle-blocks-button-b0c9613d\" class=\"wp-block-themeisle-blocks-button wp-block-button\"><a href=\"https:\/\/matsci.us.edu.pl\/?page_id=1291\" target=\"_self\" rel=\"noopener noreferrer\" class=\"wp-block-button__link\"><span>Organizing Committee<\/span><\/a><\/div>\n\n\n\n<div id=\"wp-block-themeisle-blocks-button-301c5622\" class=\"wp-block-themeisle-blocks-button wp-block-button\"><a href=\"https:\/\/matsci.us.edu.pl\/?page_id=1401\" target=\"_self\" rel=\"noopener noreferrer\" class=\"wp-block-button__link\"><span>Program and Abstracts<\/span><\/a><\/div>\n\n\n\n<div id=\"wp-block-themeisle-blocks-button-1efb19ee\" class=\"wp-block-themeisle-blocks-button wp-block-button\"><a href=\"https:\/\/matsci.us.edu.pl\/?page_id=1500\" target=\"_self\" rel=\"noopener noreferrer\" class=\"wp-block-button__link\"><span>Registration<\/span><\/a><\/div>\n\n\n\n<div id=\"wp-block-themeisle-blocks-button-a5af6f03\" class=\"wp-block-themeisle-blocks-button wp-block-button\"><a href=\"https:\/\/matsci.us.edu.pl\/?page_id=1441\" target=\"_self\" rel=\"noopener noreferrer\" class=\"wp-block-button__link\"><span>Location and Travel<\/span><\/a><\/div>\n<\/div>\n\n\n\n<div class=\"wp-block-buttons ticss-35bf372e is-layout-flex wp-block-buttons-is-layout-flex\">\n<div class=\"wp-block-button ticss-4f76e78e is-style-fill\"><a class=\"wp-block-button__link has-white-color has-text-color has-background has-link-color wp-element-button\" style=\"border-radius:0px;background-color:#005713\">19 February 2024<\/a><\/div>\n\n\n\n<div class=\"wp-block-button ticss-4f76e78e\"><a class=\"wp-block-button__link has-white-color has-black-background-color has-text-color has-background has-link-color wp-element-button\" href=\"https:\/\/matsci.us.edu.pl\/?page_id=1738\" style=\"border-radius:0px\" rel=\"\">20 February 2024<\/a><\/div>\n<\/div>\n\n\n\n<p class=\"ticss-5c5de19f\"><img loading=\"lazy\" decoding=\"async\" width=\"32\" height=\"37\" class=\"wp-image-1799\" style=\"width: 32px;\" src=\"https:\/\/matsci.us.edu.pl\/wp-content\/uploads\/download.png\" alt=\"\"> <a href=\"https:\/\/matsci.us.edu.pl\/wp-content\/uploads\/Book-of-abstracts-v08-02-2024-compressed.pdf\" data-type=\"link\" data-id=\"https:\/\/matsci.us.edu.pl\/wp-content\/uploads\/Book-of-abstracts-v08-02-2024-compressed.pdf\">Download book of abstracts<\/a><\/p>\n\n\n\n<h3 class=\"wp-block-heading ticss-a573cead\">Programme &#8211; 19 February 2024<\/h3>\n\n\n\n<p>From 8:15 to 8:55 &#8211; registration of onsite participants<\/p>\n\n\n\n<figure class=\"wp-block-table ticss-6d2f14b1 is-style-stripes\"><table><tbody><tr><td><strong>Time<\/strong><\/td><td><strong>Speaker with Affiliation<\/strong><\/td><td><strong>Title of Presentation<\/strong><\/td><\/tr><tr><td><strong>9:00-9:15<\/strong><\/td><td colspan=\"2\">Conference Opening<\/td><\/tr><tr><td><strong>9:15-9:35<\/strong><\/td><td>Prof. Justyna Maci\u0105g, <br>Jagiellonian University<\/td><td>Using Lean management to eliminate waste in materials engineering education<\/td><\/tr><tr><td colspan=\"3\"><strong>Good practices in MSC education &#8211; from the perspective of international accreditation committees<\/strong><\/td><\/tr><tr><td><strong>9:35-9:55<\/strong><\/td><td>Prof. Dariusz Oleszak, <br>Warsaw University of Technology<\/td><td>Good practices in teaching of Materials Science &#8211; some impressions from Polish Accreditation Committee<\/td><\/tr><tr><td><strong>9:55-10:15<\/strong><\/td><td>Prof. R\u0131za KARA, <br>U\u015fak University<\/td><td>Accreditation Procedures for Higher Education Institutions in Turkey<\/td><\/tr><tr><td><strong>10:15-10:35<\/strong><\/td><td>Prof. Hryhoriy Dmytriv, <br>National Agency for Higher Education QA<\/td><td>Elements of &#8220;Material science&#8221; in master\u2019s programs in the specialty 102 &#8220;Chemistry&#8221;, accredited in Ukraine<\/td><\/tr><tr><td><strong>10:25-11:00<\/strong><\/td><td>Break \u2013 Coffee<\/td><td><\/td><\/tr><tr><td colspan=\"3\"><strong>Good practices in MSC education &#8211; from the perspective of universities<\/strong><strong><\/strong><\/td><\/tr><tr><td><strong>11:00-11:20<\/strong><\/td><td>Prof. Jolanta Baranowska, <br>West Pomeranian University of Tech.<\/td><td>Education in materials engineering in the face of demographic decline<\/td><\/tr><tr><td><strong>11:20-11:35<\/strong><\/td><td>Prof. Artur Durajski, <br>Czestochowa University of Technology<\/td><td>The crisis at universities. How to respond to the demographic decline?<\/td><\/tr><tr><td><strong>11:35-11:50<\/strong><\/td><td>Prof. Krzysztof Pa\u0142ka, <br>Lublin University of Technology<\/td><td>Materials Engineering 2nd degree at LUT: challenges of recruitment promotion and didactics<\/td><\/tr><tr><td><strong>11:50-12:05<\/strong><\/td><td>Dr  Ing. Agnieszka Szczotok, <br>Silesian University of Technology<\/td><td>A modern approach to engaging students on the example of the Faculty of Materials Engineering<\/td><\/tr><tr><td><strong>12:05-12:25<\/strong><\/td><td>Prof. Piotr Ba\u0142a, <br>Prof. Tomasz Kozie\u0142, <br>AGH&nbsp;University of Science and Technology<\/td><td>Should we educate students in specialties or more general engineering? Experience in materials science edu.<\/td><\/tr><tr><td><strong>12:25-12:40<\/strong><\/td><td>Prof. Roman Gladyshevskii, National Academy of Sciences of UA<\/td><td>Crystal chemistry as a tool for materials design<\/td><\/tr><tr><td><strong>12:40-12:55<\/strong><\/td><td>Ing. Filip PASTOREK, PhD, V\u00fdskumn\u00e9 Centrum, \u017dilina<\/td><td>Improving presentation skills in the field of materials engineering<\/td><\/tr><tr><td><strong>12:55-13:10<\/strong><\/td><td>Dr David Vokoun, <br>The Czech Academy of Sciences, Prague<\/td><td>Characterizing the cultural specificity of the education process in Southeast Asian universities<\/td><\/tr><tr><td><strong>13:10-14:00<\/strong><\/td><td>Break \u2013 Lunch<\/td><td>&#8211;<\/td><\/tr><tr><td colspan=\"3\"><strong>Good practices in MSC education &#8211; from the perspective of industry<\/strong><strong><\/strong><\/td><\/tr><tr><td><strong>14:00-14:15<\/strong><\/td><td>Dr Dobrochna Sztajerska, <br>State University of Ma\u0142opolska in O\u015bwi\u0119cim<\/td><td>Leveraging TWI for Student Education: A Case Study on Teaching SPC<\/td><\/tr><tr><td><strong>14:15-14:30<\/strong><\/td><td>Prof. \u015e\u00fckr\u00fc Tala\u015f, <br>Afyon Kocatepe University<\/td><td>Industry survey and its role in course selection in developing new masters degree: Materials Science Ma(s)ters<\/td><\/tr><tr><td><strong>14:30-14:45<\/strong><\/td><td>Prof. Joanna Zdunek, <br>Warsaw University of Technology<\/td><td>Supporting the educational process with cooperation with industry<\/td><\/tr><tr><td><strong>14:45-15:00<\/strong><\/td><td>Prof. Aytekin HITIT, <br>NOVALTEC R&amp;D Ltd. Co., Turkey<\/td><td>Materials Science and Engineering education practices in Turkey: Engineering and Technology Faculties<\/td><\/tr><tr><td><strong>15:00-15:15<\/strong><\/td><td>Ing. Matej BARLOK, <br>TDK &#8211; Slovakia, Maintenance Engineer<\/td><td>Practical use of materials engineering in a service department<\/td><\/tr><tr><td><strong>15:15-15:30<\/strong><\/td><td>Ing. Libor TR\u0160KO, PhD, <br>V\u00fdskumn\u00e9 Centrum, \u017dilina<\/td><td>Solving of production issues and component failures with materials engineering knowledge<\/td><\/tr><tr><td><strong>15:30-15:45<\/strong><\/td><td>MSc Mustafa YAZAR, <br>\u015eahinkul Automotive, Turkey<\/td><td>Teaching, project selection, and training in industrial R&amp;D: case study in \u015eahinkul Machine Manufacturing<\/td><\/tr><tr><td><strong>15:45-16:05<\/strong><\/td><td>Ing. Rastislav MINT\u00c1CH, PhD, <br>Ing. Martin Sopko, PhD<br>Schaeffler Kysuce, Slovakia<\/td><td>Cooperation of Schaeffler Kysuce with university students and graduates<\/td><\/tr><tr><td><strong>16:05-16:20<\/strong><\/td><td>MSc Nasuh ARIK, <br>Boron Research Institute, Turkish Energy Agency<\/td><td>Institutional training and teaching practices in Materials Science at research facilities: Case at BORON<\/td><\/tr><tr><td><strong>16:20-16:30<\/strong><\/td><td colspan=\"2\">Conference Closing<\/td><\/tr><\/tbody><\/table><\/figure>\n\n\n\n<hr class=\"wp-block-separator has-alpha-channel-opacity\"\/>\n","protected":false},"excerpt":{"rendered":"<p>Download book of abstracts Programme &#8211; 19 February 2024 From 8:15 to 8:55 &#8211; registration of onsite participants Time Speaker with Affiliation Title of Presentation 9:00-9:15 Conference Opening 9:15-9:35 Prof. Justyna Maci\u0105g, Jagiellonian University Using Lean management to eliminate waste in materials engineering education Good practices in MSC education &#8211; [&hellip;]<\/p>\n","protected":false},"author":1,"featured_media":202,"parent":0,"menu_order":0,"comment_status":"closed","ping_status":"closed","template":"page-templates\/template-fullwidth.php","meta":{"_themeisle_gutenberg_block_has_review":false,"footnotes":""},"class_list":["post-1401","page","type-page","status-publish","has-post-thumbnail","hentry"],"_links":{"self":[{"href":"https:\/\/matsci.us.edu.pl\/index.php?rest_route=\/wp\/v2\/pages\/1401","targetHints":{"allow":["GET"]}}],"collection":[{"href":"https:\/\/matsci.us.edu.pl\/index.php?rest_route=\/wp\/v2\/pages"}],"about":[{"href":"https:\/\/matsci.us.edu.pl\/index.php?rest_route=\/wp\/v2\/types\/page"}],"author":[{"embeddable":true,"href":"https:\/\/matsci.us.edu.pl\/index.php?rest_route=\/wp\/v2\/users\/1"}],"replies":[{"embeddable":true,"href":"https:\/\/matsci.us.edu.pl\/index.php?rest_route=%2Fwp%2Fv2%2Fcomments&post=1401"}],"version-history":[{"count":36,"href":"https:\/\/matsci.us.edu.pl\/index.php?rest_route=\/wp\/v2\/pages\/1401\/revisions"}],"predecessor-version":[{"id":1800,"href":"https:\/\/matsci.us.edu.pl\/index.php?rest_route=\/wp\/v2\/pages\/1401\/revisions\/1800"}],"wp:featuredmedia":[{"embeddable":true,"href":"https:\/\/matsci.us.edu.pl\/index.php?rest_route=\/wp\/v2\/media\/202"}],"wp:attachment":[{"href":"https:\/\/matsci.us.edu.pl\/index.php?rest_route=%2Fwp%2Fv2%2Fmedia&parent=1401"}],"curies":[{"name":"wp","href":"https:\/\/api.w.org\/{rel}","templated":true}]}}